it of 160658310?
1
What is the units digit of 316375594?
4
What is the units digit of 422101545?
5
What is the thousands digit of 5311034671?
4
What is the hundreds digit of 9158182?
1
What is the ten millions digit of 1103266208?
0
What is the ten millions digit of 49715911?
4
What is the hundred thousands digit of 1056652468?
6
What is the ten thousands digit of 42330077?
3
What is the ten thousands digit of 1396113741?
1
What is the hundreds digit of 19726728?
7
What is the hundreds digit of 54565206?
2
What is the millions digit of 25167919?
5
What is the ten thousands digit of 445602845?
0
What is the millions digit of 4354418079?
4
What is the millions digit of 68939086?
8
What is the units digit of 1340617745?
5
What is the hundred thousands digit of 38533624?
5
What is the tens digit of 23778632?
3
What is the ten thousands digit of 2212118213?
1
What is the hundred thousands digit of 170066242?
0
What is the millions digit of 42836176?
2
What is the hundred thousands digit of 2213135?
2
What is the billions digit of 1128653756?
1
What is the tens digit of 1506095521?
2
What is the units digit of 1313972186?
6
What is the hundred thousands digit of 81756918?
7
What is the thousands digit of 2578243946?
3
What is the ten thousands digit of 2161280741?
8
What is the millions digit of 7869265596?
9
What is the hundreds digit of 67437349?
3
What is the tens digit of 117365762?
6
What is the thousands digit of 155387342?
7
What is the hundreds digit of 146149730?
7
What is the units digit of 206794396?
6
What is the tens digit of 305735085?
8
What is the thousands digit of 983441638?
1
What is the millions digit of 801792736?
1
What is the ten millions digit of 289371020?
8
What is the tens digit of 192701776?
7
What is the tens digit of 201067266?
6
What is the hundreds digit of 4976037148?
1
What is the hundred millions digit of 950529821?
9
What is the hundred thousands digit of 764742960?
7
What is the ten thousands digit of 82111171?
1
What is the hundreds digit of 66101250?
2
What is the millions digit of 648117887?
8
What is the units digit of 392620410?
0
What is the units digit of 295512189?
9
What is the thousands digit of 1798865966?
5
What is the ten millions digit of 58064820?
5
What is the ten millions digit of 408757289?
0
What is the ten millions digit of 44135214?
4
What is the ten thousands digit of 330205688?
0
What is the ten thousands digit of 229930597?
3
What is the tens digit of 65000999?
9
What is the ten millions digit of 40346466?
4
What is the tens digit of 117231582?
8
What is the hundred thousands digit of 92432750?
4
What is the tens digit of 78858064?
6
What is the tens digit of 31084466?
6
What is the thousands digit of 20570347?
0
What is the units digit of 367220177?
7
What is the tens digit of 169570613?
1
What is the units digit of 11014156?
6
What is the millions digit of 3169672?
3
What is the millions digit of 39620257?
9
What is the ten thousands digit of 1096994037?
9
What is the ten thousands digit of 353601821?
0
What is the ten millions digit of 6500439428?
0
What is the thousands digit of 72796003?
6
What is the units digit of 46854856?
6
What is the hundreds digit of 3382216865?
8
What is the hundred thousands digit of 955590879?
5
What is the hundred thousands digit of 701731848?
7
What is the hundred thousands digit of 16367409?
3
What is the hundred thousands digit of 501259594?
2
What is the hundred millions digit of 2021652580?
0
What is the hundred millions digit of 383829292?
3
What is the tens digit of 435592368?
6
What is the tens digit of 48578970?
7
What is the hundred millions digit of 4588663792?
5
What is the ten millions digit of 264404811?
6
What is the millions digit of 114115678?
4
What is the tens digit of 451822486?
8
What is the millions digit of 178326181?
8
What is the hundreds digit of 176557656?
6
What is the units digit of 44005885?
5
What is the ten thousands digit of 286104431?
0
What is the thousands digit of 212188742?
8
What is the hundred millions digit of 217210296?
2
What is the units digit of 85798236?
6
What is the hundred thousands digit of 10022668?
0
What is the ten millions digit of 1277075618?
7
What is the ten millions digit of 219373459?
1
What is the units digit of 629384446?
6
What is the units digit of 171663390?
0
What is the millions digit of 5994162?
5
What is the tens digit of 36207246?
4
What is the millions digit of 22220005?
2
What is the hundreds digit of 597080952?
9
What is the millions digit of 163636894?
3
What is the thousands digit of 19095731?
5
What is the hundred millions digit of 186341610?
1
What is the hundred millions digit of 1015248149?
0
What is the ten millions digit of 134710356?
3
What is the tens digit of 49025675?
7
What is the hundreds digit of 3609757628?
6
What is the thousands digit of 1021120651?
0
What is the millions digit of 2645594029?
5
What is the millions digit of 52699968?
2
What is the hundred thousands digit of 2504664501?
6
What is the ten millions digit of 20175746?
2
What is the hundreds digit of 209849547?
5
What is the millions digit of 90479437?
0
What is the thousands digit of 1887998460?
8
What is the ten thousands digit of 5173558400?
5
What is the millions digit of 2004157?
2
What is the ten millions digit of 3701445748?
0
What is the thousands digit of 359297274?
7
What is the thousands digit of 912896349?
6
What is the thousands digit of 110800816?
0
What is the ten thousands digit of 153601202?
0
What is the ten thousands digit of 59816924?
1
What is the hundred millions digit of 676193389?
6
What is the thousands digit of 1033559860?
9
What is the tens digit of 135038077?
7
What is the ten thousands digit of 914900065?
0
What is the hundreds digit of 103088995?
9
What is the hundred millions digit of 382482791?
3
What is the ten thousands digit of 1556864115?
6
What is the hundred thousands digit of 298867398?
8
What is the hundreds digit of 60546565?
5
What is the hundreds digit of 213640504?
5
What is the tens digit of 1662582542?
4
What is the hundred millions digit of 102467472?
1
What is the hundred thousands digit of 438726059?
7
What is the billions digit of 3037431068?
3
What is the hundred millions digit of 232930775?
2
What is the thousands digit of 176534217?
4
What is the hundred thousands digit of 514999812?
9
What is the units digit of 4677309031?
1
What is the tens digit of 416436624?
2
What is the hundred thousands digit of 156902667?
9
What is the thousands digit of 3466772789?
2
What is the units digit of 475209290?
0
What is the units digit of 238699465?
5
What is the thousands digit of 676296246?
6
What is the billions digit of 1495862520?
1
What is the hundred millions digit of 332956956?
3
What is the units digit of 2220697?
7
What is the millions digit of 145281161?
5
What is the thousands digit of 28301115?
1
What is the hundred thousands digit of 159577843?
5
What is the units digit of 201071514?
4
What is the thousands digit of 858661514?
1
What is the tens digit of 1760294923?
2
What is the tens digit of 237530865?
6
What is the ten thousands digit of 754065886?
6
What is the tens digit of 88168671?
7
What is the hundreds digit of 259779415?
4
What is the millions digit of 471011390?
1
What is the ten millions digit of 191186251?
9
What is the millions digit of 190582410?
0
What is the tens digit of 291791074?
7
What is the hundreds digit of 192306194?
1
What is the ten millions digit of 166937969?
6
What is the ten millions digit of 54483387?
5
What is the hundreds digit of 177443389?
3
What is the ten thousands digit of 1117274605?
7
What is the tens digit of 371014680?
8
What is the tens digit of 3562410238?
3
What is the units digit of 391650123?
3
What is the hundred thousands digit of 96005980?
0
What is the thousands digit of 49325093?
5
What is the hundred millions digit of 735454490?
7
What is the ten millions digit of 424772715?
2
What is the ten thousands digit of 817786063?
8
What is the units digit of 2036346842?
2
What is the millions digit of 45128375?
5
What is the tens digit of 57088928?
2
What is the millions digit of 64574406?
4
What is the hundred millions digit of 361750212?
3
What is the ten thousands digit of 46299509?
9
What is the units